me factors of 2816?
2, 11
List the prime factors of 14909.
17, 877
List the prime factors of 2108.
2, 17, 31
List the prime factors of 7249.
11, 659
What are the prime factors of 1126?
2, 563
List the prime factors of 9615.
3, 5, 641
What are the prime factors of 15217?
15217
What are the prime factors of 31734?
2, 3, 41, 43
List the prime factors of 5969.
47, 127
List the prime factors of 5884.
2, 1471
List the prime factors of 38816.
2, 1213
List the prime factors of 9312.
2, 3, 97
List the prime factors of 1430.
2, 5, 11, 13
What are the prime factors of 14161?
7, 17
What are the prime factors of 1143?
3, 127
List the prime factors of 15902.
2, 7951
List the prime factors of 16771.
31, 541
What are the prime factors of 801?
3, 89
List the prime factors of 1233.
3, 137
What are the prime factors of 65902?
2, 83, 397
What are the prime factors of 127174?
2, 63587
List the prime factors of 81567.
3, 19, 53
What are the prime factors of 2575?
5, 103
What are the prime factors of 827?
827
What are the prime factors of 1305?
3, 5, 29
What are the prime factors of 32013?
3, 3557
What are the prime factors of 37002?
2, 3, 7, 881
What are the prime factors of 3930?
2, 3, 5, 131
What are the prime factors of 1768?
2, 13, 17
List the prime factors of 14219.
59, 241
List the prime factors of 975.
3, 5, 13
What are the prime factors of 92?
2, 23
List the prime factors of 3259.
3259
List the prime factors of 5379.
3, 11, 163
What are the prime factors of 21259?
7, 3037
List the prime factors of 41812.
2, 10453
List the prime factors of 127768.
2, 15971
What are the prime factors of 52542?
2, 3, 7, 139
What are the prime factors of 1822?
2, 911
List the prime factors of 84535.
5, 11, 29, 53
What are the prime factors of 1773?
3, 197
List the prime factors of 35827.
11, 3257
What are the prime factors of 2760?
2, 3, 5, 23
List the prime factors of 14652.
2, 3, 11, 37
What are the prime factors of 1106?
2, 7, 79
What are the prime factors of 1043?
7, 149
What are the prime factors of 6588?
2, 3, 61
List the prime factors of 3639.
3, 1213
List the prime factors of 10160.
2, 5, 127
What are the prime factors of 13850?
2, 5, 277
List the prime factors of 25114.
2, 29, 433
List the prime factors of 13767.
3, 13, 353
List the prime factors of 1433.
1433
List the prime factors of 154040.
2, 5, 3851
List the prime factors of 66481.
19, 3499
What are the prime factors of 63895?
5, 13, 983
What are the prime factors of 589?
19, 31
List the prime factors of 372.
2, 3, 31
List the prime factors of 547.
547
List the prime factors of 488.
2, 61
List the prime factors of 43051.
43051
List the prime factors of 7911.
3, 293
List the prime factors of 493.
17, 29
List the prime factors of 34013.
7, 43, 113
What are the prime factors of 82902?
2, 3, 41, 337
List the prime factors of 20364.
2, 3, 1697
What are the prime factors of 21883?
79, 277
List the prime factors of 4577.
23, 199
List the prime factors of 251.
251
List the prime factors of 4355.
5, 13, 67
List the prime factors of 6402.
2, 3, 11, 97
What are the prime factors of 3221?
3221
List the prime factors of 11483.
11483
List the prime factors of 1350.
2, 3, 5
What are the prime factors of 303?
3, 101
What are the prime factors of 1117?
1117
What are the prime factors of 2235?
3, 5, 149
What are the prime factors of 378?
2, 3, 7
What are the prime factors of 116559?
3, 1439
List the prime factors of 3975.
3, 5, 53
List the prime factors of 43926.
2, 3, 7321
What are the prime factors of 454?
2, 227
List the prime factors of 31433.
17, 43
What are the prime factors of 3177?
3, 353
List the prime factors of 6661.
6661
What are the prime factors of 18671?
18671
List the prime factors of 7209.
3, 89
List the prime factors of 106053.
3, 23, 29, 53
What are the prime factors of 21061?
21061
List the prime factors of 40056.
2, 3, 1669
What are the prime factors of 4008?
2, 3, 167
What are the prime factors of 7584?
2, 3, 79
What are the prime factors of 26760?
2, 3, 5, 223
What are the prime factors of 3456?
2, 3
List the prime factors of 64196.
2, 11, 1459
What are the prime factors of 4162?
2, 2081
What are the prime factors of 37719?
3, 11, 127
What are the prime factors of 39421?
79, 499
What are the prime factors of 5240?
2, 5, 131
List the prime factors of 1459.
1459
What are the prime factors of 1175?
5, 47
What are the prime factors of 3529?
3529
List the prime factors of 147019.
79, 1861
List the prime factors of 1045.
5, 11, 19
What are the prime factors of 7522?
2, 3761
What are the prime factors of 15303?
3, 5101
List the prime factors of 521.
521
What are the prime factors of 18355?
5, 3671
List the prime factors of 402.
2, 3, 67
List the prime factors of 43320.
2, 3, 5, 19
List the prime factors of 4166.
2, 2083
What are the prime factors of 19295?
5, 17, 227
What are the prime factors of 1898?
2, 13, 73
What are the prime factors of 3354?
2, 3, 13, 43
What are the prime factors of 22489?
43, 523
What are the prime factors of 3321?
3, 41
List the prime factors of 6096.
2, 3, 127
What are the prime factors of 2454?
2, 3, 409
List the prime factors of 8219.
8219
What are the prime factors of 5117?
7, 17, 43
What are the prime factors of 68165?
5, 13633
What are the prime factors of 25122?
2, 3, 53, 79
What are the prime factors of 49766?
2, 149, 167
List the prime factors of 13.
13
What are the prime factors of 722?
2, 19
List the prime factors of 28862.
2, 14431
What are the prime factors of 8835?
3, 5, 19, 31
What are the prime factors of 1151?
1151
What are the prime factors of 40867?
40867
What are the prime factors of 4635?
3, 5, 103
List the prime factors of 46126.
2, 23063
What are the prime factors of 15822?
2, 3, 293
What are the prime factors of 1706?
2, 853
List the prime factors of 32009.
32009
List the prime factors of 1688.
2, 211
What are the prime factors of 1515?
3, 5, 101
What are the prime factors of 51123?
3, 17041
What are the prime factors of 26315?
5, 19, 277
List the prime factors of 2446.
2, 1223
What are the prime factors of 12882?
2, 3, 19, 113
List the prime factors of 842.
2, 421
What are the prime factors of 8109?
3, 17, 53
What are the prime factors of 5514?
2, 3, 919
What are the prime factors of 31971?
3, 10657
What are the prime factors of 195?
3, 5, 13
List the prime factors of 71691.
3, 23, 1039
List the prime factors of 610.
2, 5, 61
List the prime factors of 6896.
2, 431
What are the prime factors of 2048?
2
What are the prime factors of 343?
7
What are the prime factors of 1129?
1129
List the prime factors of 11780.
2, 5, 19, 31
List the prime factors of 3317.
31, 107
What are the prime factors of 1899?
3, 211
What are the prime factors of 1035?
3, 5, 23
What are the prime factors of 92108?
2, 23027
What are the prime factors of 6746?
2, 3373
What are the prime factors of 30424?
2, 3803
List the prime factors of 7029.
3, 11, 71
List the prime factors of 128.
2
What are the prime factors of 77368?
2, 19, 509
What are the prime factors of 73724?
2, 7, 2633
List the prime factors of 28791.
3, 7, 457
What are the prime factors of 3664?
2, 229
List the prime factors of 15195.
3, 5, 1013
List the prime factors of 22771.
7, 3253
List the prime factors of 24210.
2, 3, 5, 269
What are the prime factors of 1010?
2, 5, 101
What are the prime factors of 3636?
2, 3, 101
List the prime factors of 447.
3, 149
What are the prime factors of 36864?
2, 3
List the prime factors of 115319.
115319
List the prime factors of 177.
3, 59
What are the prime factors of 704?
2, 11
What are the prime factors of 4510?
2, 5, 11, 41
What are the prime factors of 9986?
2, 4993
List the prime factors of 8840.
2, 5, 13, 17
What are the prime factors of 715?
5, 11, 13
List the prime factors of 539.
7, 11
What are the prime factors of 1727?
11, 157
What are the prime factors of 100502?
2, 31, 1621
What are the prime factors of 10741?
23, 467
List the prime factors of 4060.
2, 5, 7, 29
List the prime factors of 970.
2, 5, 97
List the prime factors of 3419.
13, 263
List the prime factors of 564.
2, 3, 47
What are the prime factors of 8887?
8887
What are the prime factors of 13782?
2, 3, 2297
List the prime factors of 41051.
41051
What are the prime factors of 29437?
29437
What are the prime factors of 6428